 b(n).
-8
Let r(v) = -v**3 - 2*v**2 + 5*v + 3. Suppose 0 = -4*t - 4, -m = 4*m + 4*t - 11. Let f(z) = -2*z + 6. Let p be f(m). Suppose 0 = -p*s + s + 4. Give r(s).
15
Let n(d) be the second derivative of -d**4/12 - 11*d**3/6 - d**2/2 + 3991*d. Let m = -9 - 0. Give n(m).
17
Let c(y) = 2*y**2 + 9*y. Let t(s) = s**2 + s. Let g(j) = -c(j) + 3*t(j). Let h be 36/14*42/9. Suppose 4 = f + w, 2*w + h - 8 = 0. Give g(f).
0
Let n(l) = -7*l**2 - 175*l - 288. Let v(k) = 3*k**2 + 79*k + 144. Let b(h) = -4*n(h) - 9*v(h). What is b(19)?
8
Let c(t) = -10*t + 3. Let m be 1 + (-209)/23 + (-272)/(-3128). What is c(m)?
83
Let p = 11 - 5. Let i = 36 - 32. Let c(v) = i*v - 3*v - 4*v + p*v + 4. Give c(-4).
-8
Let s(v) = -2*v**2 - 8*v + 4. Let p be s(-4). Suppose m = -r - p*m - 23, 5 = 5*r + m. Let q(k) = 2*k**3 - 2*k**2 - k - 2. Calculate q(r).
4
Let h(j) = 6*j**2 - 2*j - 3. Suppose -33*n = 412 - 478. What is h(n)?
17
Let g be ((-18)/(-4))/((-12)/(-16)). Let j(u) = -g*u - 2*u + 12*u. Let i be (0 - -2) + -1 + -3. Give j(i).
-8
Let y(b) = 9*b**3 - 10*b**2 - 34*b - 6. Let c(m) be the first derivative of 5*m**4/4 - 5*m**3/3 - 9*m**2 - 4*m - 1. Let g(u) = -7*c(u) + 4*y(u). Give g(7).
32
Let r(v) = v**2 - 49*v + 39. Suppose 0 = 3*f - 3*y - 141, 3*f + 69 = 2*y + 211. Give r(f).
-9
Let h(w) = -5*w + 8*w + 2*w + 7*w - 11*w. Let k = 4 + -7. Calculate h(k).
-3
Let p(j) = -j - 5. Let g(m) = 10*m + 5*m + 8 + 0*m - 21*m + 7*m. Suppose -3*r = -5*n + 37, 5*r + 22 = 2*n + 2*r. Let y(t) = n*g(t) + 8*p(t). What is y(3)?
-9
Let n(f) = 0*f + f + 1 - 8*f. Let q(d) = -9*d**2 - 192*d - 239. Let w be q(-20). Give n(w).
-6
Let c(h) = 8 + 345*h + 2 - 67 - 335*h. Determine c(6).
3
Let k(z) = -z**3 + 8*z**2 - 2*z - 2. Suppose -2*h + 34 = 4*w, -5*w - 17*h = -22*h - 20. What is k(w)?
33
Let w(x) = x**3 - 15*x**2 - 29*x. Let h(v) = -v**3 + 14*v**2 + 25*v + 1. Let q(g) = -5*h(g) - 4*w(g). Determine q(11).
17
Let c = 5936 - 5952. Let g(l) = l**3 + 14*l**2 - 30*l - 18. What is g(c)?
-50
Suppose 0 = 4*k - 2*v + 68, -63 + 1 = 3*k + 4*v. Let x = -15 - k. Suppose -30 = 4*y + 2*p, x*p + 2*p = -5. Let a(c) = 3*c + 6. Give a(y).
-15
Let z(b) be the first derivative of -5*b**3/6 + 7*b**2/2 + 16*b - 58. Let m(x) be the first derivative of z(x). What is m(7)?
-28
Let b(p) be the first derivative of p**3/3 + 7*p**2/2 - 10*p - 1. Let z be ((-15 - 0) + -3)*((-357)/(-14) - 25). Determine b(z).
8
Let i = -5826 + 5835. Let a(p) = -8*p**2 + 71*p + 8. What is a(i)?
-1
Let y(q) be the first derivative of q**4/2 + q**3 - 3*q**2/2 + 3*q + 6. Let z be (468/(-72) - -5)/((-5)/(-2) + -2). Determine y(z).
-15
Let w = -172 + 192. Suppose -j + 2*h + 14 = 4, 4*j + 4*h = -w. Let x(c) = -c**2 - 2. Determine x(j).
-2
Let i(r) = r + r - 13 + 2*r + 42 - 74. Determine i(11).
-1
Suppose 0 = 4*c + 5*i + 14, -2*i + 208 = 204. Let b(y) = y**3 + 7*y**2 + 8*y + 13. Give b(c).
1
Let m(q) = -3*q - 15. Let r(x) = x**3 + 30*x**2 + 110*x + 156. Let v be r(-26). Determine m(v).
-15
Let d = 278 - 267. Let t = 14 - d. Let l(q) = q**3 - q**2 + q - 3. Give l(t).
18
Let k(b) = 11*b - 13. Suppose 0 = 19*p + 365 - 251. Calculate k(p).
-79
Let v(q) = -3*q**2 + q + 3. Let x(o) = o**3 + 25*o**2 + 4*o - 23. Let i(a) = -5*v(a) - x(a). Calculate i(-8).
-48
Let k(m) = -m**3 - m**2 + m + 20. Let i(o) = -3*o**3 - 11*o**2 - 7*o + 1. Let d be i(-2). Suppose 0 = 2*z + 2 + 4. Let a be (-1)/(d/15) + z. What is k(a)?
20
Suppose -y - 13 = -7. Let u(s) be the second derivative of s**4/12 + s**3 - 2*s**2 - 712*s. Calculate u(y).
-4
Let y(w) be the second derivative of -w**3/2 - 4*w**2 - 1398*w. Determine y(-2).
-2
Let x(u) be the first derivative of -u**3 - 7*u**2 - 17*u + 697. Calculate x(-7).
-66
Let w be (104/16 - 2)*(1 + 29). Let m(h) = 8*h**2 - h**3 - 2 - 140*h + w*h - 4. Give m(7).
8
Suppose 3*q - 30 = 3*z, -3*q + 7 = -8. Let s(m) = -6515*m + 14 - 12 + 6521*m. Determine s(z).
-28
Let f(r) be the third derivative of r**9/30240 + 7*r**5/30 + 7*r**2 + 3*r. Let b(q) be the third derivative of f(q). Give b(1).
2
Let h(b) be the second derivative of -4*b**3/3 + 3*b**2/2 + 122*b. Let r(u) = -4*u + 3. Let f(c) = -2*h(c) + 3*r(c). Let g = 4 - 6. Calculate f(g).
-5
Let n be (29 + -56)*(-8)/36. Let v(h) = -3*h**2 + 19*h - 5. Give v(n).
1
Suppose o + 8 = 13. Suppose -o = -m + 4*l, -5*m = -3*m + 2*l - 10. Let u(n) = -1 + 9*n + 0 - m*n + 6. What is u(-5)?
-15
Let w = 0 + -3. Let i(s) be the first derivative of -s**6/360 - s**5/40 - s**4/8 - 217*s**3/3 - 302. Let c(t) be the third derivative of i(t). Give c(w).
-3
Let i be (-46 - -46)*(12/10 - (-3 - -4)). Let g(b) be the third derivative of i - 1/24*b**4 - 33*b**2 + 0*b - 4/3*b**3. Give g(-9).
1
Let y(r) = r**2 + r + 8. Let k(g) = 4*g**3 - g**2 + 8 - 5*g**3 - 10*g + 7*g**2. Let a be k(4). Determine y(a).
8
Let d(b) be the second derivative of -b**3/2 - 7*b**2 + 19*b. Let n(p) = -2*p - 6. Let l(i) = -3*d(i) + 5*n(i). Determine l(0).
12
Let k(t) be the third derivative of t**6/120 - 3*t**5/20 + 7*t**4/24 + t**3 + 194*t**2. Let w = -8 + 16. Give k(w).
-2
Let n be ((-5)/(-4))/(1/(-4)). Let x be (0 - (n - -19))/(4 + -2). Let y(s) = s**3 + 6*s**2 - 7*s + 5. Calculate y(x).
5
Let a(t) = t**2 - 14*t - 98. Let f be 520/25 - 1 - (3 + (-176)/80). Determine a(f).
-3
Let p(s) = s**3 - 4*s**2 - 7*s - 4. Suppose 37 - 41 = -h. Suppose -24 = 5*j + 1, h*a = -4*j - 12. Let y be a/(-20)*6*-10. Determine p(y).
26
Let a(i) be the first derivative of -i**3/3 - 13*i**2/2 - 33*i - 2240. Calculate a(-10).
-3
Let b(y) = -13*y - 6. Let f be b(-1). Let w be (-2 + (-160)/(-56))*f. Let h(j) = j**3 - 5*j**2 - 4*j - 7. Determine h(w).
5
Let y be (-417)/(-556) - (-3)/(-4). Let l(d) = d**2 + 3*d - 34. Give l(y).
-34
Let w = 1744 - 1737. Let z(q) = -4*q + 17. Give z(w).
-11
Suppose -5*h + p - 135 = 0, 0 = 2*h - h - 2*p + 27. Let g = 34 + h. Let w(a) = -a**2 + 7*a + 5. Determine w(g).
5
Let l(k) = -6*k + 14. Suppose -18871 + 4813 = -22*u. Suppose 651 = 2*f + u. Determine l(f).
-22
Let z(i) = i**2 + 8. Suppose -2*l + 241 = 5*p, 0 = -2*l - 0*l + 2*p + 206. Let r = -108 + l. Determine z(r).
8
Let m be 1/(-8)*-134 + (-2)/(-8). Let b(w) = m - 4 - 3*w - 1. Let p(f) = 2*f - 8. Let y(n) = -5*b(n) - 8*p(n). Give y(0).
4
Let w(b) = 4*b + 14. Let p be 11/((-66)/4)*18/4. Let y be w(p). Let q(t) = 6 - 10 - 6*t - y. What is q(-4)?
18
Suppose -1 - 9 = -5*k. Let r(b) = 18*b**2 + 2*b - 8*b - 19*b**k. Let h(z) = -2*z**2 + 12*z - 6. Let m be h(0). Give r(m).
0
Let j(x) = 5*x**2 + 3*x + 2. Suppose -3502 + 1150 = -12*s. Let w = s + -198. Calculate j(w).
16
Let h(k) = -k**2 + k. Let f be (-2 + 2 - 2)*(-42)/28. Suppose 3*z - y + 9 = f*y, -5*z + 5*y = 10. What is h(z)?
0
Let t(j) = -68 + 83 - 10*j + 1. Determine t(8).
-64
Let u = 82 - 100. Let y(k) = -k**3 - 16*k**2 + 36*k. Let v be y(u). Let p(t) be the second derivative of t**5/20 + t**3/6 + 4*t**2 - 2*t. Determine p(v).
8
Let k(u) be the second derivative of -u**4/12 + 7*u**3/6 - 5*u**2/2 + u. Let i be k(5). Let s(r) = -3*r - 3*r + 3*r - 239507 + 119761 + 119753. What is s(i)?
-8
Let r(j) = -2*j**3 + 10*j**2 + 2*j - 7. Let z be r(5). Suppose 3*k + 7 - 8 = a, z*k - 5 = 2*a. Let m(c) = -c**2 - 7*c - 1. Determine m(a).
11
Let m(f) = 4*f - 5. Suppose 23*x = 1065 - 1157. Determine m(x).
-21
Let i(w) = 3*w**2 + 3*w + 36. Let l(f) = -f**2 - f - 12. Let d(a) = 2*i(a) + 7*l(a). Let c be -2 - (-24)/(-30)*1*-5. Suppose 6*t - c*t = 0. Give d(t).
-12
Let l(o) = 2*o**2 + 9*o + 29. Let u be 1320/(-220) + (-3 - -2). What is l(u)?
64
Let v(p) = p**3 - 32*p**2 - 69*p + 38. Let f = -2723 + 2757. Calculate v(f).
4
Let j = -5 - -8. Let n(h) = -15*h + 26. Let p(y) = 19*y - 31. Let s(m) = -6*n(m) - 5*p(m). Determine s(j).
-16
Let t(s) = -2*s**2 - s + 69. Let p be t(6). Let i(v) = 2*v**2 + 9*v. Calculate i(p).
81
Let n(l) be the first derivative of l**2/2 + 6*l + 51. Let j be (-1)/(-5) + (-28)/(-10). Suppose v - 3*w + 9 = j, -4*w - 30 = 5*v. What is n(v)?
0
Suppose 0 = 77*a - 85*a + 24. Let m(y) = -a*y + 45 + 43 - 88. What is m(2)?
-6
Let u(k) = 3*k + 1. Let s(f) = -3*f + 16. Let b be s(10). Let x = b + 23. Let n(w) = w - 10. Let q be n(x). Calculate u(q).
-2
Let y(d) = 141*d**2 - 123*d + 218. Let m(r) = -77*r**2 + 62*r - 109. Let x(h) = -11*m(h) - 6*y(h). Determine x(-58).
7
Suppose 0 = -2*x + 3*c - 8, 4 = 356*x - 357*x + c. Let z(t) = 18*t + 37. Give z(x)